prime factors of 451?
11, 41
What are the prime factors of 7339?
41, 179
What are the prime factors of 1019?
1019
What are the prime factors of 330?
2, 3, 5, 11
List the prime factors of 7522.
2, 3761
List the prime factors of 557.
557
What are the prime factors of 295?
5, 59
What are the prime factors of 850?
2, 5, 17
List the prime factors of 4104.
2, 3, 19
List the prime factors of 4949.
7, 101
List the prime factors of 393.
3, 131
What are the prime factors of 25004?
2, 7, 19, 47
What are the prime factors of 67438?
2, 7, 4817
What are the prime factors of 14850?
2, 3, 5, 11
List the prime factors of 24434.
2, 19, 643
What are the prime factors of 7157?
17, 421
What are the prime factors of 36340?
2, 5, 23, 79
What are the prime factors of 36493?
36493
List the prime factors of 1598.
2, 17, 47
List the prime factors of 10653.
3, 53, 67
List the prime factors of 616.
2, 7, 11
What are the prime factors of 1088?
2, 17
List the prime factors of 4662.
2, 3, 7, 37
What are the prime factors of 44382?
2, 3, 13, 569
List the prime factors of 2580.
2, 3, 5, 43
List the prime factors of 9206.
2, 4603
List the prime factors of 38685.
3, 5, 2579
What are the prime factors of 1189?
29, 41
List the prime factors of 15909.
3, 5303
List the prime factors of 1091.
1091
What are the prime factors of 15320?
2, 5, 383
List the prime factors of 3075.
3, 5, 41
What are the prime factors of 40202?
2, 20101
What are the prime factors of 20109?
3, 6703
List the prime factors of 51.
3, 17
What are the prime factors of 907?
907
What are the prime factors of 14383?
19, 757
List the prime factors of 1502.
2, 751
What are the prime factors of 1806?
2, 3, 7, 43
What are the prime factors of 710?
2, 5, 71
List the prime factors of 569.
569
List the prime factors of 691.
691
List the prime factors of 1909.
23, 83
What are the prime factors of 318?
2, 3, 53
List the prime factors of 5558.
2, 7, 397
What are the prime factors of 207?
3, 23
What are the prime factors of 88832?
2, 347
List the prime factors of 9227.
9227
List the prime factors of 57925.
5, 7, 331
List the prime factors of 6184.
2, 773
List the prime factors of 434.
2, 7, 31
What are the prime factors of 6053?
6053
List the prime factors of 2028.
2, 3, 13
What are the prime factors of 908?
2, 227
List the prime factors of 3751.
11, 31
What are the prime factors of 3687?
3, 1229
What are the prime factors of 471?
3, 157
What are the prime factors of 14289?
3, 11, 433
List the prime factors of 22525.
5, 17, 53
List the prime factors of 755.
5, 151
What are the prime factors of 15170?
2, 5, 37, 41
List the prime factors of 32.
2
What are the prime factors of 19758?
2, 3, 37, 89
List the prime factors of 41270.
2, 5, 4127
List the prime factors of 3711.
3, 1237
What are the prime factors of 18600?
2, 3, 5, 31
What are the prime factors of 4117?
23, 179
What are the prime factors of 3136?
2, 7
What are the prime factors of 13485?
3, 5, 29, 31
List the prime factors of 485.
5, 97
List the prime factors of 1318.
2, 659
List the prime factors of 620.
2, 5, 31
List the prime factors of 38706.
2, 3, 6451
What are the prime factors of 629?
17, 37
List the prime factors of 11041.
61, 181
List the prime factors of 376.
2, 47
What are the prime factors of 55627?
11, 13, 389
What are the prime factors of 13454?
2, 7, 31
List the prime factors of 4611.
3, 29, 53
What are the prime factors of 739?
739
What are the prime factors of 1691?
19, 89
What are the prime factors of 192?
2, 3
List the prime factors of 2252.
2, 563
List the prime factors of 2748.
2, 3, 229
What are the prime factors of 10995?
3, 5, 733
What are the prime factors of 13487?
13487
What are the prime factors of 6644?
2, 11, 151
List the prime factors of 1907.
1907
What are the prime factors of 2036?
2, 509
What are the prime factors of 3872?
2, 11
List the prime factors of 68240.
2, 5, 853
List the prime factors of 626.
2, 313
What are the prime factors of 51782?
2, 17, 1523
What are the prime factors of 321?
3, 107
List the prime factors of 37770.
2, 3, 5, 1259
List the prime factors of 3846.
2, 3, 641
What are the prime factors of 3313?
3313
What are the prime factors of 4418?
2, 47
List the prime factors of 593.
593
What are the prime factors of 57025?
5, 2281
What are the prime factors of 627?
3, 11, 19
What are the prime factors of 19744?
2, 617
List the prime factors of 627.
3, 11, 19
List the prime factors of 2214.
2, 3, 41
What are the prime factors of 12644?
2, 29, 109
What are the prime factors of 8589?
3, 7, 409
List the prime factors of 2366.
2, 7, 13
List the prime factors of 2177.
7, 311
What are the prime factors of 2647?
2647
What are the prime factors of 1537?
29, 53
List the prime factors of 6922.
2, 3461
What are the prime factors of 1081?
23, 47
List the prime factors of 535.
5, 107
List the prime factors of 3919.
3919
List the prime factors of 701.
701
List the prime factors of 658.
2, 7, 47
What are the prime factors of 36913?
36913
What are the prime factors of 5361?
3, 1787
List the prime factors of 134438.
2, 67219
What are the prime factors of 1293?
3, 431
List the prime factors of 1338.
2, 3, 223
What are the prime factors of 22046?
2, 73, 151
List the prime factors of 1097.
1097
What are the prime factors of 75434?
2, 37717
List the prime factors of 5147.
5147
List the prime factors of 1991.
11, 181
What are the prime factors of 14955?
3, 5, 997
List the prime factors of 1282.
2, 641
What are the prime factors of 4201?
4201
List the prime factors of 5987.
5987
What are the prime factors of 6236?
2, 1559
What are the prime factors of 2596?
2, 11, 59
What are the prime factors of 7407?
3, 823
What are the prime factors of 1234?
2, 617
List the prime factors of 6379.
6379
What are the prime factors of 3328?
2, 13
List the prime factors of 2058.
2, 3, 7
List the prime factors of 117221.
13, 71, 127
List the prime factors of 1647.
3, 61
What are the prime factors of 1950?
2, 3, 5, 13
List the prime factors of 59118.
2, 3, 59, 167
List the prime factors of 91898.
2, 45949
What are the prime factors of 90365?
5, 11, 31, 53
What are the prime factors of 385?
5, 7, 11
What are the prime factors of 567?
3, 7
List the prime factors of 95322.
2, 3, 15887
List the prime factors of 807.
3, 269
What are the prime factors of 68037?
3, 22679
What are the prime factors of 198?
2, 3, 11
List the prime factors of 667.
23, 29
What are the prime factors of 309?
3, 103
List the prime factors of 74744.
2, 9343
What are the prime factors of 114281?
114281
What are the prime factors of 79272?
2, 3, 367
List the prime factors of 24598.
2, 7, 251
List the prime factors of 9774.
2, 3, 181
What are the prime factors of 26947?
26947
What are the prime factors of 6767?
67, 101
List the prime factors of 6888.
2, 3, 7, 41
What are the prime factors of 78?
2, 3, 13
List the prime factors of 115133.
115133
What are the prime factors of 1807?
13, 139
List the prime factors of 1402.
2, 701
What are the prime factors of 1588?
2, 397
What are the prime factors of 4239?
3, 157
List the prime factors of 2383.
2383
What are the prime factors of 189?
3, 7
List the prime factors of 3034.
2, 37, 41
List the prime factors of 4283.
4283
What are the prime factors of 3069?
3, 11, 31
What are the prime factors of 65643?
3, 21881
List the prime factors of 2410.
2, 5, 241
List the prime factors of 1100.
2, 5, 11
What are the prime factors of 19089?
3, 7, 101
List the prime factors of 6115.
5, 1223
List the prime factors of 8420.
2, 5, 421
List the prime factors of 36578.
2, 18289
List the prime factors of 11554.
2, 53, 109
What are the prime factors of 36254?
2, 18127
List the prime factors of 1324.
2, 331
What are the prime factors of 133?
7, 19
What are the prime factors of 19501?
19501
What are the prime factors of 53182?
2, 26591
List the prime factors of 26590.
2, 5, 2659
What are the prime factors of 11436?
2, 3, 953
What are the prime factors of 1552?
2, 97
List the prime factors of 2572.
2, 643
List the prime factors of 8750.
2, 5, 7
List the prime factors of 43836.
2, 3, 13, 281
List the prime factors of 5142.
2, 3, 857
List the prime factors of 6250.
2, 5
List the prime factors of 25489.
71, 359
List the prime factors of 193132.
2, 53, 911
What are the prime factors